[INFO] cloning repository https://github.com/s3bk/webgl_demo
[INFO] running `Command { std: "git" "-c" "credential.helper=" "-c" "credential.helper=/workspace/cargo-home/bin/git-credential-null" "clone" "--bare" "https://github.com/s3bk/webgl_demo" "/workspace/cache/git-repos/https%3A%2F%2Fgithub.com%2Fs3bk%2Fwebgl_demo", kill_on_drop: false }`
[INFO] [stderr] Cloning into bare repository '/workspace/cache/git-repos/https%3A%2F%2Fgithub.com%2Fs3bk%2Fwebgl_demo'...
[INFO] running `Command { std: "git" "rev-parse" "HEAD", kill_on_drop: false }`
[INFO] [stdout] eeb32bd7da3c9355ba81930186c11b8b6acb5025
[INFO] checking s3bk/webgl_demo against master#af3c6e733a40e671550e0f0f5aeecaa13772ba56 for pr-74989
[INFO] running `Command { std: "git" "clone" "/workspace/cache/git-repos/https%3A%2F%2Fgithub.com%2Fs3bk%2Fwebgl_demo" "/workspace/builds/worker-7/source", kill_on_drop: false }`
[INFO] [stderr] Cloning into '/workspace/builds/worker-7/source'...
[INFO] [stderr] done.
[INFO] validating manifest of git repo https://github.com/s3bk/webgl_demo on toolchain af3c6e733a40e671550e0f0f5aeecaa13772ba56
[INFO] running `Command { std: "/workspace/cargo-home/bin/cargo" "+af3c6e733a40e671550e0f0f5aeecaa13772ba56" "read-manifest" "--manifest-path" "Cargo.toml", kill_on_drop: false }`
[INFO] started tweaking git repo https://github.com/s3bk/webgl_demo
[INFO] finished tweaking git repo https://github.com/s3bk/webgl_demo
[INFO] tweaked toml for git repo https://github.com/s3bk/webgl_demo written to /workspace/builds/worker-7/source/Cargo.toml
[INFO] crate git repo https://github.com/s3bk/webgl_demo already has a lockfile, it will not be regenerated
[INFO] running `Command { std: "/workspace/cargo-home/bin/cargo" "+af3c6e733a40e671550e0f0f5aeecaa13772ba56" "fetch" "--locked" "--manifest-path" "Cargo.toml", kill_on_drop: false }`
[INFO] [stderr]     Blocking waiting for file lock on package cache
[INFO] [stderr]     Blocking waiting for file lock on package cache
[INFO] running `Command { std: "docker" "create" "-v" "/var/lib/crater-agent-workspace/builds/worker-7/target:/opt/rustwide/target:rw,Z" "-v" "/var/lib/crater-agent-workspace/builds/worker-7/source:/opt/rustwide/workdir:ro,Z" "-v" "/var/lib/crater-agent-workspace/cargo-home:/opt/rustwide/cargo-home:ro,Z" "-v" "/var/lib/crater-agent-workspace/rustup-home:/opt/rustwide/rustup-home:ro,Z" "-e" "SOURCE_DIR=/opt/rustwide/workdir" "-e" "CARGO_TARGET_DIR=/opt/rustwide/target" "-e" "CARGO_HOME=/opt/rustwide/cargo-home" "-e" "RUSTUP_HOME=/opt/rustwide/rustup-home" "-w" "/opt/rustwide/workdir" "-m" "1610612736" "--user" "0:0" "--network" "none" "rustops/crates-build-env@sha256:d92eaeed33fa75130ca1ee6c8a01d1ffb62bac859dfdfb3450e3e5d1c0146529" "/opt/rustwide/cargo-home/bin/cargo" "+af3c6e733a40e671550e0f0f5aeecaa13772ba56" "metadata" "--no-deps" "--format-version=1", kill_on_drop: false }`
[INFO] [stdout] 0101bc711c2739c71e223e6e9e8bed6db5c1d17f7b49a481ad8c7d2557fd650b
[INFO] [stderr] WARNING: Your kernel does not support swap limit capabilities or the cgroup is not mounted. Memory limited without swap.
[INFO] running `Command { std: "docker" "start" "-a" "0101bc711c2739c71e223e6e9e8bed6db5c1d17f7b49a481ad8c7d2557fd650b", kill_on_drop: false }`
[INFO] running `Command { std: "docker" "inspect" "0101bc711c2739c71e223e6e9e8bed6db5c1d17f7b49a481ad8c7d2557fd650b", kill_on_drop: false }`
[INFO] running `Command { std: "docker" "rm" "-f" "0101bc711c2739c71e223e6e9e8bed6db5c1d17f7b49a481ad8c7d2557fd650b", kill_on_drop: false }`
[INFO] [stdout] 0101bc711c2739c71e223e6e9e8bed6db5c1d17f7b49a481ad8c7d2557fd650b
[INFO] running `Command { std: "docker" "create" "-v" "/var/lib/crater-agent-workspace/builds/worker-7/target:/opt/rustwide/target:rw,Z" "-v" "/var/lib/crater-agent-workspace/builds/worker-7/source:/opt/rustwide/workdir:ro,Z" "-v" "/var/lib/crater-agent-workspace/cargo-home:/opt/rustwide/cargo-home:ro,Z" "-v" "/var/lib/crater-agent-workspace/rustup-home:/opt/rustwide/rustup-home:ro,Z" "-e" "SOURCE_DIR=/opt/rustwide/workdir" "-e" "CARGO_TARGET_DIR=/opt/rustwide/target" "-e" "CARGO_INCREMENTAL=0" "-e" "RUST_BACKTRACE=full" "-e" "RUSTFLAGS=--cap-lints=forbid" "-e" "CARGO_HOME=/opt/rustwide/cargo-home" "-e" "RUSTUP_HOME=/opt/rustwide/rustup-home" "-w" "/opt/rustwide/workdir" "-m" "1610612736" "--user" "0:0" "--network" "none" "rustops/crates-build-env@sha256:d92eaeed33fa75130ca1ee6c8a01d1ffb62bac859dfdfb3450e3e5d1c0146529" "/opt/rustwide/cargo-home/bin/cargo" "+af3c6e733a40e671550e0f0f5aeecaa13772ba56" "check" "--frozen" "--all" "--all-targets" "--message-format=json", kill_on_drop: false }`
[INFO] [stdout] d28f7bed50f16da0d545ff2ad70c29ace182f65d2e5bfc0164b5b60f8799d238
[INFO] [stderr] WARNING: Your kernel does not support swap limit capabilities or the cgroup is not mounted. Memory limited without swap.
[INFO] running `Command { std: "docker" "start" "-a" "d28f7bed50f16da0d545ff2ad70c29ace182f65d2e5bfc0164b5b60f8799d238", kill_on_drop: false }`
[INFO] [stderr]     Checking cfg-if v0.1.10
[INFO] [stderr]    Compiling xml-rs v0.8.2
[INFO] [stderr]     Checking lazy_static v1.4.0
[INFO] [stderr]    Compiling bitflags v1.2.1
[INFO] [stderr]    Compiling proc-macro2 v1.0.10
[INFO] [stderr]    Compiling byteorder v1.3.4
[INFO] [stderr]     Checking scopeguard v1.1.0
[INFO] [stderr]    Compiling wasm-bindgen-shared v0.2.60
[INFO] [stderr]    Compiling proc-macro-hack v0.5.15
[INFO] [stderr]     Checking smallvec v1.4.0
[INFO] [stderr]    Compiling pathfinder_resources v0.5.0 (https://github.com/s3bk/pathfinder#fbb33f76)
[INFO] [stderr]     Checking slab v0.4.2
[INFO] [stderr]    Compiling ryu v1.0.4
[INFO] [stderr]    Compiling bumpalo v3.2.1
[INFO] [stderr]     Checking lazycell v1.2.1
[INFO] [stderr]     Checking arrayvec v0.5.1
[INFO] [stderr]    Compiling rayon-core v1.7.0
[INFO] [stderr]    Compiling wasm-bindgen v0.2.60
[INFO] [stderr]     Checking same-file v1.0.6
[INFO] [stderr]     Checking instant v0.1.2
[INFO] [stderr]     Checking matches v0.1.8
[INFO] [stderr]     Checking float-cmp v0.5.3
[INFO] [stderr]     Checking percent-encoding v2.1.0
[INFO] [stderr]     Checking xmlparser v0.13.1
[INFO] [stderr]     Checking xmlwriter v0.1.0
[INFO] [stderr]     Checking base64 v0.11.0
[INFO] [stderr]     Checking rctree v0.3.3
[INFO] [stderr]    Compiling num-traits v0.2.11
[INFO] [stderr]    Compiling num-integer v0.1.42
[INFO] [stderr]    Compiling num-rational v0.2.4
[INFO] [stderr]    Compiling num-iter v0.1.40
[INFO] [stderr]    Compiling memoffset v0.5.4
[INFO] [stderr]    Compiling crossbeam-epoch v0.8.2
[INFO] [stderr]    Compiling hashbrown v0.7.1
[INFO] [stderr]    Compiling libloading v0.5.2
[INFO] [stderr]     Checking inflate v0.4.5
[INFO] [stderr]     Checking miniz_oxide v0.3.6
[INFO] [stderr]     Checking lock_api v0.3.4
[INFO] [stderr]    Compiling x11-dl v2.18.5
[INFO] [stderr]     Checking walkdir v2.3.1
[INFO] [stderr]     Checking data-url v0.1.0
[INFO] [stderr]    Compiling log v0.4.8
[INFO] [stderr]     Checking svgtypes v0.5.0
[INFO] [stderr]     Checking kurbo v0.5.11
[INFO] [stderr]     Checking crc32fast v1.2.0
[INFO] [stderr]     Checking roxmltree v0.9.1
[INFO] [stderr]     Checking crossbeam-utils v0.7.2
[INFO] [stderr]     Checking net2 v0.2.33
[INFO] [stderr]     Checking iovec v0.1.4
[INFO] [stderr]     Checking num_cpus v1.13.0
[INFO] [stderr]     Checking memmap v0.7.0
[INFO] [stderr]     Checking parking_lot_core v0.7.2
[INFO] [stderr]     Checking shared_library v0.1.9
[INFO] [stderr]     Checking raw-window-handle v0.3.3
[INFO] [stderr]    Compiling getrandom v0.1.14
[INFO] [stderr]    Compiling pathfinder_simd v0.5.0 (https://github.com/s3bk/pathfinder#fbb33f76)
[INFO] [stderr]     Checking pathfinder_log v0.1.0 (https://github.com/s3bk/pathfinder#fbb33f76)
[INFO] [stderr]     Checking simplecss v0.2.0
[INFO] [stderr]    Compiling gl_generator v0.13.1
[INFO] [stderr]    Compiling gl_generator v0.14.0
[INFO] [stderr]     Checking nix v0.14.1
[INFO] [stderr]     Checking crossbeam-queue v0.2.1
[INFO] [stderr]     Checking crossbeam-channel v0.4.2
[INFO] [stderr]    Compiling wayland-scanner v0.23.6
[INFO] [stderr]     Checking flate2 v1.0.14
[INFO] [stderr]     Checking osmesa-sys v0.1.2
[INFO] [stderr]     Checking mio v0.6.21
[INFO] [stderr]     Checking parking_lot v0.10.2
[INFO] [stderr]     Checking deflate v0.8.4
[INFO] [stderr]     Checking stb_truetype v0.3.1
[INFO] [stderr]     Checking fxhash v0.2.1
[INFO] [stderr]    Compiling const-random-macro v0.1.8
[INFO] [stderr]     Checking dlib v0.4.1
[INFO] [stderr]    Compiling quote v1.0.3
[INFO] [stderr]     Checking crossbeam-deque v0.7.3
[INFO] [stderr]     Checking usvg v0.9.0
[INFO] [stderr]     Checking wayland-sys v0.23.6
[INFO] [stderr]    Compiling syn v1.0.18
[INFO] [stderr]     Checking png v0.16.3
[INFO] [stderr]     Checking mio-extras v2.0.6
[INFO] [stderr]     Checking ordered-float v1.0.2
[INFO] [stderr]     Checking approx v0.3.2
[INFO] [stderr]     Checking line_drawing v0.7.0
[INFO] [stderr]     Checking pathfinder_geometry v0.5.1 (https://github.com/s3bk/pathfinder#fbb33f76)
[INFO] [stderr]     Checking pathfinder_color v0.5.0 (https://github.com/s3bk/pathfinder#fbb33f76)
[INFO] [stderr]     Checking rusttype v0.8.3
[INFO] [stderr]     Checking const-random v0.1.8
[INFO] [stderr]     Checking ahash v0.3.2
[INFO] [stderr]    Compiling gl v0.14.0
[INFO] [stderr]     Checking rayon v1.3.0
[INFO] [stderr]    Compiling glutin_egl_sys v0.1.4
[INFO] [stderr]    Compiling glutin_glx_sys v0.1.6
[INFO] [stderr]     Checking image v0.23.4
[INFO] [stderr]     Checking rusttype v0.7.9
[INFO] [stderr]     Checking andrew v0.2.1
[INFO] [stderr]    Compiling wayland-client v0.23.6
[INFO] [stderr]    Compiling wayland-protocols v0.23.6
[INFO] [stderr]     Checking pathfinder_gpu v0.5.0 (https://github.com/s3bk/pathfinder#fbb33f76)
[INFO] [stderr]     Checking pathfinder_content v0.5.0 (https://github.com/s3bk/pathfinder#fbb33f76)
[INFO] [stderr]     Checking calloop v0.4.4
[INFO] [stderr]     Checking wayland-commons v0.23.6
[INFO] [stderr]    Compiling wasm-bindgen-backend v0.2.60
[INFO] [stderr]     Checking pathfinder_gl v0.5.0 (https://github.com/s3bk/pathfinder#fbb33f76)
[INFO] [stderr]    Compiling serde_derive v1.0.106
[INFO] [stderr]    Compiling wasm-bindgen-macro-support v0.2.60
[INFO] [stderr]    Compiling wasm-bindgen-macro v0.2.60
[INFO] [stderr]     Checking smithay-client-toolkit v0.6.6
[INFO] [stderr]     Checking js-sys v0.3.37
[INFO] [stderr]     Checking console_error_panic_hook v0.1.6
[INFO] [stderr]     Checking winit v0.22.1
[INFO] [stdout] error: return value of constructor must be a bare path
[INFO] [stdout]     --> /opt/rustwide/cargo-home/registry/src/github.com-1ecc6299db9ec823/js-sys-0.3.37/src/lib.rs:4793:13
[INFO] [stdout]      |
[INFO] [stdout] 4793 | /             /// The
[INFO] [stdout] 4794 | |             #[doc = $ctor]
[INFO] [stdout] 4795 | |             /// constructor creates an array of unsigned 8-bit integers.
[INFO] [stdout] 4796 | |             ///
[INFO] [stdout] ...    |
[INFO] [stdout] 4800 | |             #[wasm_bindgen(constructor)]
[INFO] [stdout] 4801 | |             pub fn new(constructor_arg: &JsValue) -> $name;
[INFO] [stdout]      | |___________________________________________________________^
[INFO] [stdout] ...
[INFO] [stdout] 4997 | / arrays! {
[INFO] [stdout] 4998 | |     /// `Int8Array()`
[INFO] [stdout] 4999 | |     /// https://developer.mozilla.org/en-US/docs/Web/JavaScript/Reference/Global_Objects/Int8Array
[INFO] [stdout] 5000 | |     Int8Array: i8,
[INFO] [stdout] ...    |
[INFO] [stdout] 5032 | |     Float64Array: f64,
[INFO] [stdout] 5033 | | }
[INFO] [stdout]      | |_- in this macro invocation
[INFO] [stdout]      |
[INFO] [stdout]      = note: this error originates in a macro (in Nightly builds, run with -Z macro-backtrace for more info)
[INFO] [stdout] 
[INFO] [stdout] 
[INFO] [stdout] error: return value of constructor must be a bare path
[INFO] [stdout]     --> /opt/rustwide/cargo-home/registry/src/github.com-1ecc6299db9ec823/js-sys-0.3.37/src/lib.rs:4803:13
[INFO] [stdout]      |
[INFO] [stdout] 4803 | /             /// An
[INFO] [stdout] 4804 | |             #[doc = $ctor]
[INFO] [stdout] 4805 | |             /// which creates an array with an internal buffer large
[INFO] [stdout] 4806 | |             /// enough for `length` elements.
[INFO] [stdout] ...    |
[INFO] [stdout] 4811 | |             #[wasm_bindgen(constructor)]
[INFO] [stdout] 4812 | |             pub fn new_with_length(length: u32) -> $name;
[INFO] [stdout]      | |_________________________________________________________^
[INFO] [stdout] ...
[INFO] [stdout] 4997 | / arrays! {
[INFO] [stdout] 4998 | |     /// `Int8Array()`
[INFO] [stdout] 4999 | |     /// https://developer.mozilla.org/en-US/docs/Web/JavaScript/Reference/Global_Objects/Int8Array
[INFO] [stdout] 5000 | |     Int8Array: i8,
[INFO] [stdout] ...    |
[INFO] [stdout] 5032 | |     Float64Array: f64,
[INFO] [stdout] 5033 | | }
[INFO] [stdout]      | |_- in this macro invocation
[INFO] [stdout]      |
[INFO] [stdout]      = note: this error originates in a macro (in Nightly builds, run with -Z macro-backtrace for more info)
[INFO] [stdout] 
[INFO] [stdout] 
[INFO] [stdout] error: return value of constructor must be a bare path
[INFO] [stdout]     --> /opt/rustwide/cargo-home/registry/src/github.com-1ecc6299db9ec823/js-sys-0.3.37/src/lib.rs:4814:13
[INFO] [stdout]      |
[INFO] [stdout] 4814 | /             /// An
[INFO] [stdout] 4815 | |             #[doc = $ctor]
[INFO] [stdout] 4816 | |             /// which creates an array with the given buffer but is a
[INFO] [stdout] 4817 | |             /// view starting at `byte_offset`.
[INFO] [stdout] ...    |
[INFO] [stdout] 4822 | |             #[wasm_bindgen(constructor)]
[INFO] [stdout] 4823 | |             pub fn new_with_byte_offset(buffer: &JsValue, byte_offset: u32) -> $name;
[INFO] [stdout]      | |_____________________________________________________________________________________^
[INFO] [stdout] ...
[INFO] [stdout] 4997 | / arrays! {
[INFO] [stdout] 4998 | |     /// `Int8Array()`
[INFO] [stdout] 4999 | |     /// https://developer.mozilla.org/en-US/docs/Web/JavaScript/Reference/Global_Objects/Int8Array
[INFO] [stdout] 5000 | |     Int8Array: i8,
[INFO] [stdout] ...    |
[INFO] [stdout] 5032 | |     Float64Array: f64,
[INFO] [stdout] 5033 | | }
[INFO] [stdout]      | |_- in this macro invocation
[INFO] [stdout]      |
[INFO] [stdout]      = note: this error originates in a macro (in Nightly builds, run with -Z macro-backtrace for more info)
[INFO] [stdout] 
[INFO] [stdout] 
[INFO] [stdout] error: return value of constructor must be a bare path
[INFO] [stdout]     --> /opt/rustwide/cargo-home/registry/src/github.com-1ecc6299db9ec823/js-sys-0.3.37/src/lib.rs:4825:13
[INFO] [stdout]      |
[INFO] [stdout] 4825 | /             /// An
[INFO] [stdout] 4826 | |             #[doc = $ctor]
[INFO] [stdout] 4827 | |             /// which creates an array with the given buffer but is a
[INFO] [stdout] 4828 | |             /// view starting at `byte_offset` for `length` elements.
[INFO] [stdout] ...    |
[INFO] [stdout] 4837 | |                 length: u32,
[INFO] [stdout] 4838 | |             ) -> $name;
[INFO] [stdout]      | |_______________________^
[INFO] [stdout] ...
[INFO] [stdout] 4997 | / arrays! {
[INFO] [stdout] 4998 | |     /// `Int8Array()`
[INFO] [stdout] 4999 | |     /// https://developer.mozilla.org/en-US/docs/Web/JavaScript/Reference/Global_Objects/Int8Array
[INFO] [stdout] 5000 | |     Int8Array: i8,
[INFO] [stdout] ...    |
[INFO] [stdout] 5032 | |     Float64Array: f64,
[INFO] [stdout] 5033 | | }
[INFO] [stdout]      | |_- in this macro invocation
[INFO] [stdout]      |
[INFO] [stdout]      = note: this error originates in a macro (in Nightly builds, run with -Z macro-backtrace for more info)
[INFO] [stdout] 
[INFO] [stdout] 
[INFO] [stdout] error: first argument of method must be a path
[INFO] [stdout]     --> /opt/rustwide/cargo-home/registry/src/github.com-1ecc6299db9ec823/js-sys-0.3.37/src/lib.rs:4845:32
[INFO] [stdout]      |
[INFO] [stdout] 4845 |               pub fn fill(this: &$name, value: $ty, start: u32, end: u32) -> $name;
[INFO] [stdout]      |                                  ^^^^^
[INFO] [stdout] ...
[INFO] [stdout] 4997 | / arrays! {
[INFO] [stdout] 4998 | |     /// `Int8Array()`
[INFO] [stdout] 4999 | |     /// https://developer.mozilla.org/en-US/docs/Web/JavaScript/Reference/Global_Objects/Int8Array
[INFO] [stdout] 5000 | |     Int8Array: i8,
[INFO] [stdout] ...    |
[INFO] [stdout] 5032 | |     Float64Array: f64,
[INFO] [stdout] 5033 | | }
[INFO] [stdout]      | |_- in this macro invocation
[INFO] [stdout]      |
[INFO] [stdout]      = note: this error originates in a macro (in Nightly builds, run with -Z macro-backtrace for more info)
[INFO] [stdout] 
[INFO] [stdout] 
[INFO] [stdout] error: first argument of method must be a path
[INFO] [stdout]     --> /opt/rustwide/cargo-home/registry/src/github.com-1ecc6299db9ec823/js-sys-0.3.37/src/lib.rs:4850:34
[INFO] [stdout]      |
[INFO] [stdout] 4850 |               pub fn buffer(this: &$name) -> ArrayBuffer;
[INFO] [stdout]      |                                    ^^^^^
[INFO] [stdout] ...
[INFO] [stdout] 4997 | / arrays! {
[INFO] [stdout] 4998 | |     /// `Int8Array()`
[INFO] [stdout] 4999 | |     /// https://developer.mozilla.org/en-US/docs/Web/JavaScript/Reference/Global_Objects/Int8Array
[INFO] [stdout] 5000 | |     Int8Array: i8,
[INFO] [stdout] ...    |
[INFO] [stdout] 5032 | |     Float64Array: f64,
[INFO] [stdout] 5033 | | }
[INFO] [stdout]      | |_- in this macro invocation
[INFO] [stdout]      |
[INFO] [stdout]      = note: this error originates in a macro (in Nightly builds, run with -Z macro-backtrace for more info)
[INFO] [stdout] 
[INFO] [stdout] 
[INFO] [stdout] error: first argument of method must be a path
[INFO] [stdout]     --> /opt/rustwide/cargo-home/registry/src/github.com-1ecc6299db9ec823/js-sys-0.3.37/src/lib.rs:4856:36
[INFO] [stdout]      |
[INFO] [stdout] 4856 |               pub fn subarray(this: &$name, begin: u32, end: u32) -> $name;
[INFO] [stdout]      |                                      ^^^^^
[INFO] [stdout] ...
[INFO] [stdout] 4997 | / arrays! {
[INFO] [stdout] 4998 | |     /// `Int8Array()`
[INFO] [stdout] 4999 | |     /// https://developer.mozilla.org/en-US/docs/Web/JavaScript/Reference/Global_Objects/Int8Array
[INFO] [stdout] 5000 | |     Int8Array: i8,
[INFO] [stdout] ...    |
[INFO] [stdout] 5032 | |     Float64Array: f64,
[INFO] [stdout] 5033 | | }
[INFO] [stdout]      | |_- in this macro invocation
[INFO] [stdout]      |
[INFO] [stdout]      = note: this error originates in a macro (in Nightly builds, run with -Z macro-backtrace for more info)
[INFO] [stdout] 
[INFO] [stdout] 
[INFO] [stdout] error: first argument of method must be a path
[INFO] [stdout]     --> /opt/rustwide/cargo-home/registry/src/github.com-1ecc6299db9ec823/js-sys-0.3.37/src/lib.rs:4862:33
[INFO] [stdout]      |
[INFO] [stdout] 4862 |               pub fn slice(this: &$name, begin: u32, end: u32) -> $name;
[INFO] [stdout]      |                                   ^^^^^
[INFO] [stdout] ...
[INFO] [stdout] 4997 | / arrays! {
[INFO] [stdout] 4998 | |     /// `Int8Array()`
[INFO] [stdout] 4999 | |     /// https://developer.mozilla.org/en-US/docs/Web/JavaScript/Reference/Global_Objects/Int8Array
[INFO] [stdout] 5000 | |     Int8Array: i8,
[INFO] [stdout] ...    |
[INFO] [stdout] 5032 | |     Float64Array: f64,
[INFO] [stdout] 5033 | | }
[INFO] [stdout]      | |_- in this macro invocation
[INFO] [stdout]      |
[INFO] [stdout]      = note: this error originates in a macro (in Nightly builds, run with -Z macro-backtrace for more info)
[INFO] [stdout] 
[INFO] [stdout] 
[INFO] [stdout] error: first argument of method must be a path
[INFO] [stdout]     --> /opt/rustwide/cargo-home/registry/src/github.com-1ecc6299db9ec823/js-sys-0.3.37/src/lib.rs:4869:36
[INFO] [stdout]      |
[INFO] [stdout] 4869 |               pub fn for_each(this: &$name, callback: &mut dyn FnMut($ty, u32, $name));
[INFO] [stdout]      |                                      ^^^^^
[INFO] [stdout] ...
[INFO] [stdout] 4997 | / arrays! {
[INFO] [stdout] 4998 | |     /// `Int8Array()`
[INFO] [stdout] 4999 | |     /// https://developer.mozilla.org/en-US/docs/Web/JavaScript/Reference/Global_Objects/Int8Array
[INFO] [stdout] 5000 | |     Int8Array: i8,
[INFO] [stdout] ...    |
[INFO] [stdout] 5032 | |     Float64Array: f64,
[INFO] [stdout] 5033 | | }
[INFO] [stdout]      | |_- in this macro invocation
[INFO] [stdout]      |
[INFO] [stdout]      = note: this error originates in a macro (in Nightly builds, run with -Z macro-backtrace for more info)
[INFO] [stdout] 
[INFO] [stdout] 
[INFO] [stdout] error: first argument of method must be a path
[INFO] [stdout]     --> /opt/rustwide/cargo-home/registry/src/github.com-1ecc6299db9ec823/js-sys-0.3.37/src/lib.rs:4874:34
[INFO] [stdout]      |
[INFO] [stdout] 4874 |               pub fn length(this: &$name) -> u32;
[INFO] [stdout]      |                                    ^^^^^
[INFO] [stdout] ...
[INFO] [stdout] 4997 | / arrays! {
[INFO] [stdout] 4998 | |     /// `Int8Array()`
[INFO] [stdout] 4999 | |     /// https://developer.mozilla.org/en-US/docs/Web/JavaScript/Reference/Global_Objects/Int8Array
[INFO] [stdout] 5000 | |     Int8Array: i8,
[INFO] [stdout] ...    |
[INFO] [stdout] 5032 | |     Float64Array: f64,
[INFO] [stdout] 5033 | | }
[INFO] [stdout]      | |_- in this macro invocation
[INFO] [stdout]      |
[INFO] [stdout]      = note: this error originates in a macro (in Nightly builds, run with -Z macro-backtrace for more info)
[INFO] [stdout] 
[INFO] [stdout] 
[INFO] [stdout] error: first argument of method must be a path
[INFO] [stdout]     --> /opt/rustwide/cargo-home/registry/src/github.com-1ecc6299db9ec823/js-sys-0.3.37/src/lib.rs:4879:39
[INFO] [stdout]      |
[INFO] [stdout] 4879 |               pub fn byte_length(this: &$name) -> u32;
[INFO] [stdout]      |                                         ^^^^^
[INFO] [stdout] ...
[INFO] [stdout] 4997 | / arrays! {
[INFO] [stdout] 4998 | |     /// `Int8Array()`
[INFO] [stdout] 4999 | |     /// https://developer.mozilla.org/en-US/docs/Web/JavaScript/Reference/Global_Objects/Int8Array
[INFO] [stdout] 5000 | |     Int8Array: i8,
[INFO] [stdout] ...    |
[INFO] [stdout] 5032 | |     Float64Array: f64,
[INFO] [stdout] 5033 | | }
[INFO] [stdout]      | |_- in this macro invocation
[INFO] [stdout]      |
[INFO] [stdout]      = note: this error originates in a macro (in Nightly builds, run with -Z macro-backtrace for more info)
[INFO] [stdout] 
[INFO] [stdout] 
[INFO] [stdout] error: first argument of method must be a path
[INFO] [stdout]     --> /opt/rustwide/cargo-home/registry/src/github.com-1ecc6299db9ec823/js-sys-0.3.37/src/lib.rs:4884:39
[INFO] [stdout]      |
[INFO] [stdout] 4884 |               pub fn byte_offset(this: &$name) -> u32;
[INFO] [stdout]      |                                         ^^^^^
[INFO] [stdout] ...
[INFO] [stdout] 4997 | / arrays! {
[INFO] [stdout] 4998 | |     /// `Int8Array()`
[INFO] [stdout] 4999 | |     /// https://developer.mozilla.org/en-US/docs/Web/JavaScript/Reference/Global_Objects/Int8Array
[INFO] [stdout] 5000 | |     Int8Array: i8,
[INFO] [stdout] ...    |
[INFO] [stdout] 5032 | |     Float64Array: f64,
[INFO] [stdout] 5033 | | }
[INFO] [stdout]      | |_- in this macro invocation
[INFO] [stdout]      |
[INFO] [stdout]      = note: this error originates in a macro (in Nightly builds, run with -Z macro-backtrace for more info)
[INFO] [stdout] 
[INFO] [stdout] 
[INFO] [stdout] error: first argument of method must be a path
[INFO] [stdout]     --> /opt/rustwide/cargo-home/registry/src/github.com-1ecc6299db9ec823/js-sys-0.3.37/src/lib.rs:4889:31
[INFO] [stdout]      |
[INFO] [stdout] 4889 |               pub fn set(this: &$name, src: &JsValue, offset: u32);
[INFO] [stdout]      |                                 ^^^^^
[INFO] [stdout] ...
[INFO] [stdout] 4997 | / arrays! {
[INFO] [stdout] 4998 | |     /// `Int8Array()`
[INFO] [stdout] 4999 | |     /// https://developer.mozilla.org/en-US/docs/Web/JavaScript/Reference/Global_Objects/Int8Array
[INFO] [stdout] 5000 | |     Int8Array: i8,
[INFO] [stdout] ...    |
[INFO] [stdout] 5032 | |     Float64Array: f64,
[INFO] [stdout] 5033 | | }
[INFO] [stdout]      | |_- in this macro invocation
[INFO] [stdout]      |
[INFO] [stdout]      = note: this error originates in a macro (in Nightly builds, run with -Z macro-backtrace for more info)
[INFO] [stdout] 
[INFO] [stdout] 
[INFO] [stdout] error: first argument of method must be a path
[INFO] [stdout]     --> /opt/rustwide/cargo-home/registry/src/github.com-1ecc6299db9ec823/js-sys-0.3.37/src/lib.rs:4893:37
[INFO] [stdout]      |
[INFO] [stdout] 4893 |               pub fn get_index(this: &$name, idx: u32) -> $ty;
[INFO] [stdout]      |                                       ^^^^^
[INFO] [stdout] ...
[INFO] [stdout] 4997 | / arrays! {
[INFO] [stdout] 4998 | |     /// `Int8Array()`
[INFO] [stdout] 4999 | |     /// https://developer.mozilla.org/en-US/docs/Web/JavaScript/Reference/Global_Objects/Int8Array
[INFO] [stdout] 5000 | |     Int8Array: i8,
[INFO] [stdout] ...    |
[INFO] [stdout] 5032 | |     Float64Array: f64,
[INFO] [stdout] 5033 | | }
[INFO] [stdout]      | |_- in this macro invocation
[INFO] [stdout]      |
[INFO] [stdout]      = note: this error originates in a macro (in Nightly builds, run with -Z macro-backtrace for more info)
[INFO] [stdout] 
[INFO] [stdout] 
[INFO] [stdout] error: first argument of method must be a path
[INFO] [stdout]     --> /opt/rustwide/cargo-home/registry/src/github.com-1ecc6299db9ec823/js-sys-0.3.37/src/lib.rs:4897:37
[INFO] [stdout]      |
[INFO] [stdout] 4897 |               pub fn set_index(this: &$name, idx: u32, value: $ty);
[INFO] [stdout]      |                                       ^^^^^
[INFO] [stdout] ...
[INFO] [stdout] 4997 | / arrays! {
[INFO] [stdout] 4998 | |     /// `Int8Array()`
[INFO] [stdout] 4999 | |     /// https://developer.mozilla.org/en-US/docs/Web/JavaScript/Reference/Global_Objects/Int8Array
[INFO] [stdout] 5000 | |     Int8Array: i8,
[INFO] [stdout] ...    |
[INFO] [stdout] 5032 | |     Float64Array: f64,
[INFO] [stdout] 5033 | | }
[INFO] [stdout]      | |_- in this macro invocation
[INFO] [stdout]      |
[INFO] [stdout]      = note: this error originates in a macro (in Nightly builds, run with -Z macro-backtrace for more info)
[INFO] [stdout] 
[INFO] [stdout] 
[INFO] [stdout] error[E0433]: failed to resolve: use of undeclared type or module `Int8Array`
[INFO] [stdout]     --> /opt/rustwide/cargo-home/registry/src/github.com-1ecc6299db9ec823/js-sys-0.3.37/src/lib.rs:5000:5
[INFO] [stdout]      |
[INFO] [stdout] 5000 |     Int8Array: i8,
[INFO] [stdout]      |     ^^^^^^^^^ use of undeclared type or module `Int8Array`
[INFO] [stdout] 
[INFO] [stdout] 
[INFO] [stdout] error[E0433]: failed to resolve: use of undeclared type or module `Int16Array`
[INFO] [stdout]     --> /opt/rustwide/cargo-home/registry/src/github.com-1ecc6299db9ec823/js-sys-0.3.37/src/lib.rs:5004:5
[INFO] [stdout]      |
[INFO] [stdout] 5004 |     Int16Array: i16,
[INFO] [stdout]      |     ^^^^^^^^^^ use of undeclared type or module `Int16Array`
[INFO] [stdout] 
[INFO] [stdout] 
[INFO] [stdout] error[E0433]: failed to resolve: use of undeclared type or module `Int32Array`
[INFO] [stdout]     --> /opt/rustwide/cargo-home/registry/src/github.com-1ecc6299db9ec823/js-sys-0.3.37/src/lib.rs:5008:5
[INFO] [stdout]      |
[INFO] [stdout] 5008 |     Int32Array: i32,
[INFO] [stdout]      |     ^^^^^^^^^^ use of undeclared type or module `Int32Array`
[INFO] [stdout] 
[INFO] [stdout] 
[INFO] [stdout] error[E0433]: failed to resolve: use of undeclared type or module `Uint8Array`
[INFO] [stdout]     --> /opt/rustwide/cargo-home/registry/src/github.com-1ecc6299db9ec823/js-sys-0.3.37/src/lib.rs:5012:5
[INFO] [stdout]      |
[INFO] [stdout] 5012 |     Uint8Array: u8,
[INFO] [stdout]      |     ^^^^^^^^^^ use of undeclared type or module `Uint8Array`
[INFO] [stdout] 
[INFO] [stdout] 
[INFO] [stdout] error[E0433]: failed to resolve: use of undeclared type or module `Uint8ClampedArray`
[INFO] [stdout]     --> /opt/rustwide/cargo-home/registry/src/github.com-1ecc6299db9ec823/js-sys-0.3.37/src/lib.rs:5016:5
[INFO] [stdout]      |
[INFO] [stdout] 5016 |     Uint8ClampedArray: u8,
[INFO] [stdout]      |     ^^^^^^^^^^^^^^^^^ use of undeclared type or module `Uint8ClampedArray`
[INFO] [stdout] 
[INFO] [stdout] 
[INFO] [stdout] error[E0433]: failed to resolve: use of undeclared type or module `Uint16Array`
[INFO] [stdout]     --> /opt/rustwide/cargo-home/registry/src/github.com-1ecc6299db9ec823/js-sys-0.3.37/src/lib.rs:5020:5
[INFO] [stdout]      |
[INFO] [stdout] 5020 |     Uint16Array: u16,
[INFO] [stdout]      |     ^^^^^^^^^^^ use of undeclared type or module `Uint16Array`
[INFO] [stdout] 
[INFO] [stdout] 
[INFO] [stdout] error[E0433]: failed to resolve: use of undeclared type or module `Uint32Array`
[INFO] [stdout]     --> /opt/rustwide/cargo-home/registry/src/github.com-1ecc6299db9ec823/js-sys-0.3.37/src/lib.rs:5024:5
[INFO] [stdout]      |
[INFO] [stdout] 5024 |     Uint32Array: u32,
[INFO] [stdout]      |     ^^^^^^^^^^^ use of undeclared type or module `Uint32Array`
[INFO] [stdout] 
[INFO] [stdout] 
[INFO] [stdout] error[E0433]: failed to resolve: use of undeclared type or module `Float32Array`
[INFO] [stdout]     --> /opt/rustwide/cargo-home/registry/src/github.com-1ecc6299db9ec823/js-sys-0.3.37/src/lib.rs:5028:5
[INFO] [stdout]      |
[INFO] [stdout] 5028 |     Float32Array: f32,
[INFO] [stdout]      |     ^^^^^^^^^^^^ use of undeclared type or module `Float32Array`
[INFO] [stdout] 
[INFO] [stdout] 
[INFO] [stdout] error[E0433]: failed to resolve: use of undeclared type or module `Float64Array`
[INFO] [stdout]     --> /opt/rustwide/cargo-home/registry/src/github.com-1ecc6299db9ec823/js-sys-0.3.37/src/lib.rs:5032:5
[INFO] [stdout]      |
[INFO] [stdout] 5032 |     Float64Array: f64,
[INFO] [stdout]      |     ^^^^^^^^^^^^ use of undeclared type or module `Float64Array`
[INFO] [stdout] 
[INFO] [stdout] 
[INFO] [stdout] error[E0412]: cannot find type `Int32Array` in this scope
[INFO] [stdout]    --> /opt/rustwide/cargo-home/registry/src/github.com-1ecc6299db9ec823/js-sys-0.3.37/src/lib.rs:700:37
[INFO] [stdout]     |
[INFO] [stdout] 700 |         pub fn notify(typed_array: &Int32Array, index: u32) -> Result<u32, JsValue>;
[INFO] [stdout]     |                                     ^^^^^^^^^^ not found in this scope
[INFO] [stdout] 
[INFO] [stdout] 
[INFO] [stdout] error[E0412]: cannot find type `Int32Array` in this scope
[INFO] [stdout]    --> /opt/rustwide/cargo-home/registry/src/github.com-1ecc6299db9ec823/js-sys-0.3.37/src/lib.rs:705:27
[INFO] [stdout]     |
[INFO] [stdout] 705 |             typed_array: &Int32Array,
[INFO] [stdout]     |                           ^^^^^^^^^^ not found in this scope
[INFO] [stdout] 
[INFO] [stdout] 
[INFO] [stdout] error[E0412]: cannot find type `Int32Array` in this scope
[INFO] [stdout]    --> /opt/rustwide/cargo-home/registry/src/github.com-1ecc6299db9ec823/js-sys-0.3.37/src/lib.rs:744:35
[INFO] [stdout]     |
[INFO] [stdout] 744 |         pub fn wait(typed_array: &Int32Array, index: u32, value: i32) -> Result<JsString, JsValue>;
[INFO] [stdout]     |                                   ^^^^^^^^^^ not found in this scope
[INFO] [stdout] 
[INFO] [stdout] 
[INFO] [stdout] error[E0412]: cannot find type `Int32Array` in this scope
[INFO] [stdout]    --> /opt/rustwide/cargo-home/registry/src/github.com-1ecc6299db9ec823/js-sys-0.3.37/src/lib.rs:751:27
[INFO] [stdout]     |
[INFO] [stdout] 751 |             typed_array: &Int32Array,
[INFO] [stdout]     |                           ^^^^^^^^^^ not found in this scope
[INFO] [stdout] 
[INFO] [stdout] 
[INFO] [stdout] error[E0412]: cannot find type `Int8Array` in this scope
[INFO] [stdout]     --> /opt/rustwide/cargo-home/registry/src/github.com-1ecc6299db9ec823/js-sys-0.3.37/src/lib.rs:5000:5
[INFO] [stdout]      |
[INFO] [stdout] 5000 |     Int8Array: i8,
[INFO] [stdout]      |     ^^^^^^^^^ not found in this scope
[INFO] [stdout] 
[INFO] [stdout] 
[INFO] [stdout] error[E0412]: cannot find type `Int16Array` in this scope
[INFO] [stdout]     --> /opt/rustwide/cargo-home/registry/src/github.com-1ecc6299db9ec823/js-sys-0.3.37/src/lib.rs:5004:5
[INFO] [stdout]      |
[INFO] [stdout] 5004 |     Int16Array: i16,
[INFO] [stdout]      |     ^^^^^^^^^^ not found in this scope
[INFO] [stdout] 
[INFO] [stdout] 
[INFO] [stdout] error[E0412]: cannot find type `Int32Array` in this scope
[INFO] [stdout]     --> /opt/rustwide/cargo-home/registry/src/github.com-1ecc6299db9ec823/js-sys-0.3.37/src/lib.rs:5008:5
[INFO] [stdout]      |
[INFO] [stdout] 5008 |     Int32Array: i32,
[INFO] [stdout]      |     ^^^^^^^^^^ not found in this scope
[INFO] [stdout] 
[INFO] [stdout] 
[INFO] [stdout] error[E0412]: cannot find type `Uint8Array` in this scope
[INFO] [stdout]     --> /opt/rustwide/cargo-home/registry/src/github.com-1ecc6299db9ec823/js-sys-0.3.37/src/lib.rs:5012:5
[INFO] [stdout]      |
[INFO] [stdout] 5012 |     Uint8Array: u8,
[INFO] [stdout]      |     ^^^^^^^^^^ not found in this scope
[INFO] [stdout] 
[INFO] [stdout] 
[INFO] [stdout] error[E0412]: cannot find type `Uint8ClampedArray` in this scope
[INFO] [stdout]     --> /opt/rustwide/cargo-home/registry/src/github.com-1ecc6299db9ec823/js-sys-0.3.37/src/lib.rs:5016:5
[INFO] [stdout]      |
[INFO] [stdout] 5016 |     Uint8ClampedArray: u8,
[INFO] [stdout]      |     ^^^^^^^^^^^^^^^^^ not found in this scope
[INFO] [stdout] 
[INFO] [stdout] 
[INFO] [stdout] error[E0412]: cannot find type `Uint16Array` in this scope
[INFO] [stdout]     --> /opt/rustwide/cargo-home/registry/src/github.com-1ecc6299db9ec823/js-sys-0.3.37/src/lib.rs:5020:5
[INFO] [stdout]      |
[INFO] [stdout] 5020 |     Uint16Array: u16,
[INFO] [stdout]      |     ^^^^^^^^^^^ not found in this scope
[INFO] [stdout] 
[INFO] [stdout] 
[INFO] [stdout] error[E0412]: cannot find type `Uint32Array` in this scope
[INFO] [stdout]     --> /opt/rustwide/cargo-home/registry/src/github.com-1ecc6299db9ec823/js-sys-0.3.37/src/lib.rs:5024:5
[INFO] [stdout]      |
[INFO] [stdout] 5024 |     Uint32Array: u32,
[INFO] [stdout]      |     ^^^^^^^^^^^ not found in this scope
[INFO] [stdout] 
[INFO] [stdout] 
[INFO] [stdout] error[E0412]: cannot find type `Float32Array` in this scope
[INFO] [stdout]     --> /opt/rustwide/cargo-home/registry/src/github.com-1ecc6299db9ec823/js-sys-0.3.37/src/lib.rs:5028:5
[INFO] [stdout]      |
[INFO] [stdout] 5028 |     Float32Array: f32,
[INFO] [stdout]      |     ^^^^^^^^^^^^ not found in this scope
[INFO] [stdout] 
[INFO] [stdout] 
[INFO] [stdout] error[E0412]: cannot find type `Float64Array` in this scope
[INFO] [stdout]     --> /opt/rustwide/cargo-home/registry/src/github.com-1ecc6299db9ec823/js-sys-0.3.37/src/lib.rs:5032:5
[INFO] [stdout]      |
[INFO] [stdout] 5032 |     Float64Array: f64,
[INFO] [stdout]      |     ^^^^^^^^^^^^ not found in this scope
[INFO] [stdout] 
[INFO] [stdout] 
[INFO] [stderr]     Checking serde v1.0.106
[INFO] [stderr]     Checking glutin v0.24.0
[INFO] [stdout] error: aborting due to 37 previous errors
[INFO] [stdout] 
[INFO] [stdout] 
[INFO] [stdout] Some errors have detailed explanations: E0412, E0433.
[INFO] [stdout] 
[INFO] [stdout] For more information about an error, try `rustc --explain E0412`.
[INFO] [stdout] 
[INFO] [stderr] error: could not compile `js-sys`.
[INFO] [stderr] 
[INFO] [stderr] To learn more, run the command again with --verbose.
[INFO] [stderr] warning: build failed, waiting for other jobs to finish...
[INFO] [stderr] error: build failed
[INFO] running `Command { std: "docker" "inspect" "d28f7bed50f16da0d545ff2ad70c29ace182f65d2e5bfc0164b5b60f8799d238", kill_on_drop: false }`
[INFO] running `Command { std: "docker" "rm" "-f" "d28f7bed50f16da0d545ff2ad70c29ace182f65d2e5bfc0164b5b60f8799d238", kill_on_drop: false }`
[INFO] [stdout] d28f7bed50f16da0d545ff2ad70c29ace182f65d2e5bfc0164b5b60f8799d238
